s the highest common factor of 555627 and 267?
267
What is the greatest common factor of 102 and 60758?
34
What is the highest common factor of 10080 and 4368?
336
Calculate the highest common factor of 44878 and 19.
19
Calculate the highest common divisor of 2074562 and 84.
14
What is the highest common divisor of 267 and 56693?
89
What is the greatest common divisor of 6305 and 204185?
485
What is the greatest common divisor of 881940 and 30?
30
What is the greatest common divisor of 13 and 89167?
13
What is the highest common factor of 40 and 10408?
8
What is the greatest common divisor of 110256 and 48?
48
What is the highest common factor of 1450 and 2227490?
290
What is the greatest common factor of 610 and 6430?
10
What is the highest common factor of 3640 and 500?
20
What is the greatest common divisor of 94 and 611?
47
What is the highest common factor of 456093 and 271?
271
What is the highest common divisor of 153 and 72777?
51
What is the greatest common factor of 29605 and 1395?
155
What is the greatest common divisor of 2567 and 67799?
151
What is the highest common divisor of 500335 and 3025?
605
What is the greatest common divisor of 140 and 329?
7
What is the highest common factor of 8848 and 8532?
316
Calculate the greatest common divisor of 7765 and 220.
5
Calculate the greatest common factor of 165 and 603537.
33
Calculate the greatest common factor of 173736 and 48.
24
What is the greatest common factor of 748 and 19346?
34
What is the highest common divisor of 1212162 and 105?
21
What is the greatest common divisor of 1074319 and 178?
89
What is the greatest common factor of 3082 and 20368?
134
Calculate the highest common factor of 21583 and 452.
113
Calculate the greatest common factor of 3058 and 2480038.
3058
Calculate the highest common divisor of 60 and 2145.
15
What is the highest common factor of 60175 and 15?
5
What is the highest common divisor of 1156 and 4012?
68
Calculate the greatest common divisor of 2706579 and 36.
9
Calculate the greatest common divisor of 4897 and 59.
59
What is the highest common factor of 442 and 6423586?
442
Calculate the highest common factor of 163 and 4727.
163
Calculate the highest common factor of 149616 and 54.
18
Calculate the greatest common factor of 1990 and 710.
10
Calculate the greatest common factor of 1092 and 1162.
14
What is the greatest common divisor of 3493 and 1?
1
What is the greatest common factor of 23 and 3437235?
23
What is the greatest common factor of 585 and 673335?
585
What is the highest common factor of 420 and 2925?
15
Calculate the greatest common divisor of 140930 and 35.
5
Calculate the greatest common divisor of 152080 and 304.
16
Calculate the highest common divisor of 423 and 1767.
3
Calculate the highest common divisor of 453500 and 20.
20
Calculate the highest common factor of 151840 and 39128.
584
Calculate the greatest common factor of 728 and 4000.
8
Calculate the greatest common divisor of 705 and 1195.
5
Calculate the highest common divisor of 413 and 5310.
59
Calculate the greatest common divisor of 1962 and 1656.
18
Calculate the greatest common factor of 756 and 182826.
126
What is the highest common divisor of 70798 and 11648?
182
What is the highest common divisor of 48900 and 2771?
163
Calculate the greatest common divisor of 2495801 and 308.
77
What is the greatest common factor of 49460 and 40?
20
Calculate the highest common factor of 195 and 26988.
39
What is the greatest common factor of 22653 and 18?
9
What is the highest common divisor of 210 and 440454?
42
Calculate the greatest common factor of 140 and 82628.
28
What is the highest common divisor of 41 and 378307?
41
Calculate the highest common divisor of 1134 and 84483.
567
Calculate the greatest common divisor of 2429504 and 16.
16
What is the highest common factor of 1218000 and 70?
70
What is the greatest common factor of 3536 and 18071?
17
Calculate the greatest common factor of 3912 and 4238.
326
What is the greatest common factor of 816 and 2885886?
102
Calculate the greatest common factor of 875 and 559300.
175
What is the highest common factor of 8 and 1526304?
8
Calculate the greatest common factor of 32616 and 457983.
1359
Calculate the greatest common divisor of 12461 and 85.
17
Calculate the highest common divisor of 3060 and 2010080.
340
Calculate the highest common divisor of 1833328 and 784.
112
What is the highest common divisor of 30872 and 2176?
136
What is the greatest common divisor of 95726 and 138?
46
Calculate the greatest common factor of 688 and 66779.
43
What is the greatest common divisor of 12093 and 2001?
87
What is the highest common factor of 194 and 19497?
97
What is the highest common factor of 297 and 184239?
99
What is the highest common factor of 77608 and 17800?
712
Calculate the highest common factor of 1540398 and 834.
834
Calculate the highest common factor of 3200 and 1152400.
400
What is the highest common divisor of 700333 and 2362?
1181
What is the highest common divisor of 884 and 1224?
68
Calculate the highest common factor of 23 and 4169831.
23
What is the greatest common divisor of 340 and 644776?
68
What is the greatest common divisor of 4 and 7438?
2
Calculate the highest common divisor of 1785275 and 25.
25
What is the highest common factor of 12741 and 372?
93
What is the highest common divisor of 12616 and 760?
152
What is the highest common factor of 847 and 231110?
121
What is the greatest common divisor of 7716720 and 111?
111
What is the greatest common factor of 365209 and 1690?
169
Calculate the greatest common factor of 10302 and 4182.
102
What is the greatest common divisor of 46531 and 76?
19
What is the greatest common factor of 1334476 and 4004?
572
Calculate the highest common divisor of 15946 and 29547.
469
Calculate the highest common divisor of 3804 and 2604789.
951
What is the greatest common factor of 417717 and 382?
191
Calculate the highest common divisor of 158423 and 34.
17
Calculate the highest common divisor of 29 and 700930.
29
What is the highest common divisor of 7214 and 6?
2
Calculate the greatest common divisor of 215784 and 296.
296
Calculate the highest common divisor of 73 and 930677.
73
What is the highest common factor of 5069129 and 149?
149
Calculate the highest common factor of 42 and 433965.
21
Calculate the greatest common divisor of 3895 and 4715.
205
Calculate the greatest common divisor of 58406 and 424.
106
What is the highest common factor of 8 and 28568?
8
What is the greatest common factor of 852845 and 245?
245
What is the greatest common factor of 1150 and 42100?
50
Calculate the greatest common factor of 20226713 and 13.
13
What is the highest common factor of 125066 and 28?
2
What is the highest common factor of 42861 and 2457?
273
Calculate the highest common divisor of 89 and 2187.
1
What is the greatest common factor of 40 and 97640?
40
Calculate the highest common factor of 198722 and 134.
134
Calculate the highest common factor of 1639 and 473.
11
What is the greatest common factor of 12 and 191244?
12
What is the highest common divisor of 422 and 6223234?
422
Calculate the greatest common divisor of 207705 and 183.
183
What is the greatest common divisor of 55789 and 329?
47
What is the highest common divisor of 3270 and 1008250?
1090
What is the greatest common factor of 88116 and 780?
12
Calculate the greatest common factor of 1524 and 484.
4
What is the greatest common divisor of 8 and 557160?
8
Calculate the highest common factor of 169 and 82472.
169
Calculate the greatest common divisor of 12038 and 78.
26
What is the highest common divisor of 887774 and 34?
34
Calculate the greatest common factor of 1248 and 62688.
96
What is the greatest common factor of 378 and 5438664?
378
What is the highest common divisor of 15417 and 33689?
571
What is the greatest common factor of 1361217 and 429?
429
Calculate the greatest common factor of 287153 and 314.
157
What is the highest common divisor of 41880 and 9240?
120
What is the highest common divisor of 10058 and 39590?
214
Calculate the greatest common factor of 403 and 3128086.
403
Calculate the greatest common divisor of 77110 and 110.
110
What is the greatest common factor of 63909 and 21141?
243
Calculate the